ue
Suppose 0 = -3*m + 17 + 13. Suppose -b + 48 = -4*z, b + 4*z - 144 = -4*b. Suppose a - b = -m. Is a composite?
True
Suppose -15 = -3*v, -2*d + 70 + 135 = 3*v. Is d a composite number?
True
Let t(s) = 2*s**3 + 3*s**2 + 1. Let z be (-2)/(-10) + 64/(-20). Let a be t(z). Let q = 47 + a. Is q prime?
False
Is 334 + 2/(-6)*(9 - 0) a prime number?
True
Is 159 - (-1 - (-2)/(-2)) prime?
False
Suppose -4*u + 4*b = u - 5759, -4*u - b = -4603. Is u a composite number?
False
Suppose -15 = 3*a + 3. Is 422*(-1 + (-9)/a) a prime number?
True
Let q(n) = -20*n**3 + 5*n**2 + 5*n + 9. Is q(-5) a composite number?
False
Suppose 3*l - 4*l + 139 = 0. Is l a composite number?
False
Let u be ((-3)/6)/(2/(-24)). Let b be ((-568)/(-12))/(4/u). Let l = -32 + b. Is l a prime number?
False
Let f = -329 - -894. Is f prime?
False
Let i be (-3)/9 + (-2)/(-6). Suppose -5*z - 12 = -w - i, 3*w + 3*z - 72 = 0. Is w composite?
True
Let c = 1180 + -761. Is c a prime number?
True
Suppose y = -3*y. Suppose 149 = -y*v + v. Is v a composite number?
False
Let t be 18/8 - 3/12. Suppose -d = 4*d - 4*a - 159, -2*d = t*a - 60. Is d prime?
True
Let i(r) = 23*r**3 + 2*r**2 - r + 2. Let o be i(-2). Let j = 551 + o. Is j composite?
False
Let b be 3/1 + -6 + 0. Is -3*b/18*26 a composite number?
False
Let r(f) be the third derivative of -17*f**4/24 + 4*f**3/3 + f**2. Is r(-7) prime?
True
Let g be ((-171)/18)/((-1)/2). Is g*4*(-3)/(-12) a prime number?
True
Is (-4 - (-4 + 2)) + -1 - -61 prime?
False
Let n = 15 + -15. Suppose 2*y = -p + 463 - 56, -y + p + 202 = n. Is y a prime number?
False
Let l = -1029 - -1582. Is l a composite number?
True
Let x(d) = 50*d + 4. Suppose -8*a + 6*a - 2 = 0. Let s(l) = -l - 1. Let o(n) = a*x(n) - 2*s(n). Is o(-2) a prime number?
False
Let c be (-2)/(-9) + 32/18. Let n = 1 - c. Is ((-99)/(-6) - n)*2 composite?
True
Let d be (-99)/(-6)*22/3. Let a = -84 + d. Is a composite?
False
Suppose 4*z - 3*n = 14558, -4*n = -4*z + 16589 - 2033. Is z a composite number?
True
Let l(z) = z**2 - z + 3. Is l(6) a prime number?
False
Let h = 69 + -32. Is h a composite number?
False
Let x = -2274 + 3655. Is x prime?
True
Let k = -108 + 167. Is k composite?
False
Suppose -2*q - 16 - 26 = 0. Suppose 34 = -3*b + d, 30 = -2*b + b + 5*d. Let j = b - q. Is j a prime number?
True
Let n(o) = -28*o. Let t be n(6). Let b(j) = -11*j**2 + j + 1. Let m be b(1). Is t/m - (-2)/6 composite?
False
Suppose 9 = 5*h - 3*v - v, v = -2*h + 14. Let d = 369 + -203. Suppose -l - d = -3*l + 3*a, h*l + 3*a = 373. Is l prime?
False
Suppose -2 = -4*j + 10. Suppose -j*x + 86 = -70. Let r = x - -1. Is r a composite number?
False
Let a = -120 + 202. Is a a composite number?
True
Suppose 1346 - 336 = 5*t. Is t a composite number?
True
Suppose 0 = -9*m + 7*m + 24. Suppose -2*v = 3*n - 62, 4*n - 5*v + m - 110 = 0. Is n a composite number?
True
Let p(k) = k**3 + 11*k**2 - 2*k + 7. Let h(w) = -w**2 - 7*w + 9. Let v be h(-9). Is p(v) composite?
True
Is (-24298)/(-8) + (-6)/24 a composite number?
False
Let b be (-334 + -1)/((-7)/28). Suppose 4*k = -0*k + b. Is k a composite number?
True
Let w be ((-72)/10)/(-3)*5. Let p(a) = a**2 - a - 17. Is p(w) prime?
False
Suppose 2*v - 5*r - 48 = 0, -3*v = -r + 1 - 47. Suppose 2*f + 383 = 3*x, -4*f = -5*x + 621 + v. Is x a prime number?
True
Let i be 3/((-6)/(-4)) + -25. Let f = i - -54. Is f prime?
True
Is 2/(-3) - (-2057)/3 a prime number?
False
Let q = 1772 - 1258. Is q a composite number?
True
Let u(i) = i**3 + 2*i**2 - 3*i - 3. Let o be u(-3). Is (8/6 - o)*9 a prime number?
False
Suppose -3 = h - 4*n, -n = 3*n. Let d = h - -10. Let i(y) = 2*y**2 - 5*y - 8. Is i(d) composite?
True
Let p = -4 - -9. Suppose -4*a - p*d = -2037, 0 = 5*a + 4*d - 9*d - 2490. Is a a composite number?
False
Let w(a) = a**3 - 6*a**2 - 7*a + 3. Let m be w(7). Suppose 0 = -r + 3*r + h + 11, -5*h = -m*r + 3. Let x(v) = -v**3 - 2*v**2 + 5*v + 3. Is x(r) prime?
False
Let z(n) = n - 3. Let d be z(4). Suppose -h + k = -36 - d, -k = -2*h + 70. Is h a composite number?
True
Let f(q) = 51*q**2 - 4*q - 1. Is f(4) a composite number?
True
Suppose 6 = 2*n - 0*n. Is n/3 + 4 - 1 a composite number?
True
Suppose v - 28 = -j, j - 9 = -2*v + 19. Let k = 67 - j. Is k prime?
False
Let l = -33 - -19. Let h = 6 + l. Is 4/h*(1 + -267) composite?
True
Let r = -5830 + 8731. Is r a composite number?
True
Let z(k) = 8 + k**2 + 2*k - 6*k**2 + k**3 + 4*k**2 - 6*k**2. Let j be z(6). Let i = 9 - j. Is i composite?
True
Suppose -i - 23 = -4*k + 2*k, 0 = 5*k - 20. Is 1055/i*(-4 - -1) prime?
True
Let c = 24 - 25. Is c/((12/(-4))/21) composite?
False
Suppose -2*a = -u - 897, -907 = -2*a + 5*u - 30. Is a composite?
True
Suppose 0 = 5*x - 5*r - 20, x - 6 = 4*x + 3*r. Is (-29 + x)/(-1) + 3 composite?
False
Suppose 5*l = -w + 12, 0 = -3*l + w - 7 + 19. Suppose -l*s = 2*s - 175. Is s prime?
False
Let h(v) = -3*v + 4. Let s = -7 - -4. Is h(s) composite?
False
Let s = -5 + 10. Suppose -n + 71 = -i, -s*i + 319 = 4*n - 2*i. Suppose -240 - n = -4*r. Is r prime?
True
Suppose 0 = -0*c - 4*c. Let b = c - -53. Is b composite?
False
Suppose -3*n = 4*p + 13, p - 1 = 3*n - 8*n. Is 2/p + (-510)/(-4) prime?
True
Let v(d) = -d**2 - d - 1. Let s(y) = -4*y**2 - 4*y + 2. Let z(n) = s(n) - 5*v(n). Is z(-6) a composite number?
False
Let r be -1 - -6 - (1 + -3). Suppose r*a - 3*a = 8. Suppose -w - 2 = 0, a*k - 260 = -5*w - 88. Is k composite?
True
Suppose -3*g = -6*g - 714. Let l = g - -545. Is l a prime number?
True
Let u(x) = -11*x**3 - 4*x**2 + 15*x + 13. Is u(-5) prime?
True
Let w = 25 + -15. Suppose 0*z - z + w = 0. Is z a prime number?
False
Let k(v) = -1. Let o(c) = -2*c - 10. Let s(r) = 60*k(r) - 6*o(r). Let y be s(1). Let d = -2 + y. Is d composite?
True
Let f be 6/(3 + -1) + -1. Is f/9 + (-10255)/(-63) a composite number?
False
Suppose -4*l + 16 = -0*l. Suppose 2*y - 2*j - 172 = 0, 34 = l*y + j - 315. Is y prime?
False
Suppose 3*d - 5*v = -73, -5*d + 23 - 78 = 5*v. Is ((-18)/4)/(12/d) a prime number?
False
Suppose -5*x = f - 2*f - 572, 3*x + 5*f = 360. Is x a prime number?
False
Let k = 246 + -752. Let f = 865 + k. Is f prime?
True
Suppose 4*m + 5869 + 3306 = 5*o, 4*m = -3*o + 5473. Is o a prime number?
True
Let m(q) = -3*q - 8*q - 9*q + 7*q - q**2 + 15. Is m(-11) a prime number?
True
Suppose 4*v - 1 = -3*z, 3*v - 2*v + 17 = 5*z. Suppose b = 4*y - 2*y - 92, 41 = y - z*b. Is y a composite number?
False
Let l(o) = o**3 + 5*o**2 + 3*o - 2. Let s be l(-4). Let k = 0 + s. Suppose a - 16 = 2*j - j, k*a + 2*j = 52. Is a prime?
False
Suppose 0 = a - 5 + 4. Let l = a + 3. Suppose l*o - 138 = 2*h, 0 = 5*o + 4*h - 269 + 90. Is o composite?
True
Suppose 0 = 2*c + 7 - 137. Suppose -5*t = -5*z + 135, -2*z + 4*z + 3*t = 79. Let u = c - z. Is u prime?
False
Let u be 2/(-3) + (-2)/(-3). Let n(g) be the first derivative of g**3/3 - g**2/2 + 11*g + 3. Is n(u) composite?
False
Let f = -8 + 4. Let g = f + 3. Is (3 + -2)/(g/(-3)) prime?
True
Suppose -2*n - 4*y + 5*y + 425 = 0, 1061 = 5*n - 2*y. Is n composite?
False
Suppose -3*d - 5 = 4. Let k be (-1)/d - (-1268)/3. Is (1*k - 1)/2 a prime number?
True
Suppose -4*w + 13 = 5. Is (1 - 2)*(-189 - w) a prime number?
True
Is 8/36 + (-1958)/(-18) a composite number?
False
Suppose 2*u - 4 = -0, -5*d = 4*u - 28. Suppose d*s = -s + 95. Is s composite?
False
Let x = -4 - 1. Let y(j) = -j**2 - 13*j - 3. Is y(x) composite?
False
Is 12/(-15) - (-1316)/20 a prime number?
False
Is -3 - 1/((-3)/678) prime?
True
Let w(b) = 16*b + 11. Let i be w(10). Let n = i + -92. Is n a prime number?
True
Let d(g) = 2*g - 6*g + 16*g**3 - 1 - 13*g**3 - 3*g**2. Is d(4) composite?
False
Suppose -5*a + 2450 = 385. Is a composite?
True
Let a be 25/(-2) + 2/4. Suppose j - 2*j - 12 = 0. Is a*(33/j + 1) a prime number?
False
Let g = -4 - -4. Suppose 8*f + 1 = 5*y + 5*f, g = 2*y + 5*f - 19. Suppose 0 = y*b + 3*b - 265. Is b composite?
False
Suppose 31 = 12*f - 11*f. Is f a prime number?
True
Let n(g) = 8*g**2 - 6*g. Let j(r) = r + 1. Let c be j(-6). Let h be n(c). Suppose i - h = -4*i. Is i a composite number?
True
Let d = -384 + 559. Let z = 18 - d. Let u = 46 - z. Is u a prime number?
False
Let o be (-10 - -8) + 4*2. Suppose 2*u + t = 107, -4*u - 3*t = -221 + o. Let x = u + -34. Is x composite?
False
Let s = -2 - -6. Suppose 3*m - s*c - 37 = 0, 3*m = m - 3*c + 